{"id":25407,"date":"2020-09-16T05:09:49","date_gmt":"2020-09-16T05:09:49","guid":{"rendered":"https:\/\/driver.atombilisim.com.tr\/index.php\/home\/"},"modified":"2025-05-16T08:16:02","modified_gmt":"2025-05-16T08:16:02","slug":"ana-sayfa","status":"publish","type":"page","link":"https:\/\/driver.atombilisim.com.tr\/","title":{"rendered":"ATOM B\u0130L\u0130\u015e\u0130M | S\u00fcr\u00fcc\u00fcleri Y\u00fckle"},"content":{"rendered":"\n<div class=\"wp-block-cover alignfull is-light\" style=\"min-height:850px;aspect-ratio:unset;\"><img data-recalc-dims=\"1\" loading=\"lazy\" decoding=\"async\" width=\"1024\" height=\"576\" class=\"wp-block-cover__image-background wp-image-26437 size-large\" alt=\"\" src=\"https:\/\/i0.wp.com\/driver.atombilisim.com.tr\/wp-content\/uploads\/2025\/05\/drive-site-banner-v1-ham.jpg?resize=1024%2C576&#038;ssl=1\" data-object-fit=\"cover\" srcset=\"https:\/\/i0.wp.com\/driver.atombilisim.com.tr\/wp-content\/uploads\/2025\/05\/drive-site-banner-v1-ham.jpg?resize=1024%2C576&amp;ssl=1 1024w, https:\/\/i0.wp.com\/driver.atombilisim.com.tr\/wp-content\/uploads\/2025\/05\/drive-site-banner-v1-ham.jpg?resize=300%2C169&amp;ssl=1 300w, https:\/\/i0.wp.com\/driver.atombilisim.com.tr\/wp-content\/uploads\/2025\/05\/drive-site-banner-v1-ham.jpg?resize=768%2C432&amp;ssl=1 768w, https:\/\/i0.wp.com\/driver.atombilisim.com.tr\/wp-content\/uploads\/2025\/05\/drive-site-banner-v1-ham.jpg?w=1536&amp;ssl=1 1536w\" sizes=\"auto, (max-width: 1000px) 100vw, 1000px\" \/><span aria-hidden=\"true\" class=\"wp-block-cover__background has-background-dim-30 has-background-dim wp-block-cover__gradient-background has-background-gradient\" style=\"background-color:#193440;background:linear-gradient(241deg,rgb(9,132,227) 0%,rgb(0,59,177) 100%)\"><\/span><div class=\"wp-block-cover__inner-container is-layout-flow wp-block-cover-is-layout-flow\">\n<h1 class=\"wp-block-heading has-text-align-center has-white-color has-text-color\">S\u00fcr\u00fcc\u00fcleri Y\u00fckle | ATOMB\u0130L\u0130\u015e\u0130M <\/h1>\n\n\n\n<p><\/p>\n<\/div><\/div>\n\n\n\n<div class=\"wp-block-group alignfull has-white-background-color has-background\"><div class=\"wp-block-group__inner-container is-layout-flow wp-block-group-is-layout-flow\">\n<div class=\"wp-block-columns alignwide are-vertically-aligned-center is-layout-flex wp-container-core-columns-is-layout-9d6595d7 wp-block-columns-is-layout-flex\">\n<div class=\"wp-block-column is-vertically-aligned-center is-layout-flow wp-block-column-is-layout-flow\">\n<div class=\"wp-block-group\"><div class=\"wp-block-group__inner-container is-layout-flow wp-block-group-is-layout-flow\"><div class=\"wp-block-image is-resized is-style-default\">\n<figure class=\"aligncenter size-large\"><img data-recalc-dims=\"1\" loading=\"lazy\" decoding=\"async\" width=\"42\" height=\"42\" src=\"https:\/\/i0.wp.com\/driver.atombilisim.com.tr\/wp-content\/uploads\/2020\/09\/training.png?resize=42%2C42&#038;ssl=1\" alt=\"\" class=\"wp-image-25433\"\/><\/figure><\/div>\n\n\n<h3 class=\"wp-block-heading has-text-align-center\">G\u00fcvenli<\/h3>\n\n\n\n<p class=\"has-text-align-center\"><\/p>\n<\/div><\/div>\n<\/div>\n\n\n\n<div class=\"wp-block-column is-vertically-aligned-center is-layout-flow wp-block-column-is-layout-flow\">\n<div class=\"wp-block-group\"><div class=\"wp-block-group__inner-container is-layout-flow wp-block-group-is-layout-flow\"><div class=\"wp-block-image is-style-default\">\n<figure class=\"aligncenter size-large\"><img data-recalc-dims=\"1\" loading=\"lazy\" decoding=\"async\" width=\"42\" height=\"42\" src=\"https:\/\/i0.wp.com\/driver.atombilisim.com.tr\/wp-content\/uploads\/2020\/09\/interesting-puzzles.png?resize=42%2C42&#038;ssl=1\" alt=\"\" class=\"wp-image-25436\"\/><\/figure><\/div>\n\n\n<h3 class=\"wp-block-heading has-text-align-center\">Orijinal<\/h3>\n\n\n\n<p class=\"has-text-align-center\"><\/p>\n<\/div><\/div>\n<\/div>\n\n\n\n<div class=\"wp-block-column is-vertically-aligned-center is-layout-flow wp-block-column-is-layout-flow\">\n<div class=\"wp-block-group\"><div class=\"wp-block-group__inner-container is-layout-flow wp-block-group-is-layout-flow\"><div class=\"wp-block-image is-style-default\">\n<figure class=\"aligncenter size-large\"><img data-recalc-dims=\"1\" loading=\"lazy\" decoding=\"async\" width=\"42\" height=\"42\" src=\"https:\/\/i0.wp.com\/driver.atombilisim.com.tr\/wp-content\/uploads\/2020\/09\/pro-material.png?resize=42%2C42&#038;ssl=1\" alt=\"\" class=\"wp-image-25437\"\/><\/figure><\/div>\n\n\n<h3 class=\"wp-block-heading has-text-align-center\">\u00dccretsiz Teknik Destek<\/h3>\n\n\n\n<p class=\"has-text-align-center\"><\/p>\n<\/div><\/div>\n<\/div>\n<\/div>\n<\/div><\/div>\n\n\n\n<div class=\"wp-block-group alignfull has-background\" style=\"background:linear-gradient(180deg,rgb(255,255,255) 0%,rgb(250,250,250) 100%)\"><div class=\"wp-block-group__inner-container is-layout-flow wp-block-group-is-layout-flow\">\n<h2 class=\"wp-block-heading has-text-align-center\"><strong>S\u00fcr\u00fcc\u00fc Ne \u0130\u015fe Yarar?<\/strong><\/h2>\n\n\n\n<p>Bilgisayar sabit disk, ram, anakart, i\u015flemci, ses kart\u0131 bilgisayar\u0131n \u00f6nemli par\u00e7alar\u0131 ki bu par\u00e7alar\u0131n i\u015flevlerini d\u00fczg\u00fcn bir \u015fekilde yapabilmesi i\u00e7in Windows ile bir koordinasyon i\u00e7erisinde \u00e7al\u0131\u015fmas\u0131 gerekiyor. Bunun i\u00e7in de s\u00fcr\u00fcc\u00fcler vas\u0131tas\u0131yla bu ayg\u0131tlar\u0131n Windows i\u015fletim sistemine tan\u0131t\u0131lmas\u0131 gerekli. E\u011fer bu tan\u0131t\u0131m ger\u00e7ekle\u015fmezse bu ayg\u0131tlar kullan\u0131lamaz ve i\u015flevlerini yerine getiremez. Bu tan\u0131t\u0131m ger\u00e7ekle\u015ftirildikten sonra s\u00fcr\u00fcc\u00fcler ayg\u0131tlar\u0131 tan\u0131yarak i\u015flevlerini yerine getirmelerine izin veriyor. B\u00f6ylelikle bilgisayar tam anlam\u0131yla kullan\u0131labilir hale gelmi\u015f oluyor. Bu noktada isminden de anlayaca\u011f\u0131m\u0131z gibi s\u00fcr\u00fcc\u00fcler bilgisayar\u0131n \u015fof\u00f6r\u00fc gibi de denebilir. \u015eof\u00f6rs\u00fcz ara\u00e7 gitmez s\u00fcr\u00fcc\u00fcs\u00fcz de bilgisayar tek ba\u015f\u0131na bir anlam ifade etmez hele ki s\u00fcr\u00fcc\u00fcy\u00fc bilgisayar tan\u0131m\u0131yorsa.<\/p>\n\n\n\n<p><\/p>\n<\/div><\/div>\n\n\n\n<div class=\"wp-block-group alignfull has-white-background-color has-background\"><div class=\"wp-block-group__inner-container is-layout-flow wp-block-group-is-layout-flow\">\n<h2 class=\"wp-block-heading has-text-align-center\"><strong>Nas\u0131l Y\u00fcklenir?<\/strong><\/h2>\n\n\n\n<p class=\"has-text-align-center\">\u00d6ncelikli olarak i\u015fletim sisteminin bitinin 32 mi 64 m\u00fc oldu\u011funun \u00f6\u011frenilmesi gerekiyor. Ek olarak bilgisayar\u0131n i\u015fletim sisteminin Windows 10 ya da Windows 7 olup olmad\u0131\u011f\u0131n\u0131n bilinmesi gerekiyor ki unutulmamas\u0131 gereken bir durum. Ba\u015fka bir nokta da s\u00fcr\u00fcc\u00fclerin g\u00fcncellenmi\u015f g\u00fcncellenmemi\u015f olup olmad\u0131\u011f\u0131 \u00f6nemli. \u00c7\u00fcnk\u00fc g\u00fcncel olmayan s\u00fcr\u00fcc\u00fclerle ileriki zamanlarda mavi ekran hatas\u0131yla kar\u015f\u0131la\u015fmak m\u00fcmk\u00fcn. \u0130lk olarak bilgisayar masa\u00fcst\u00fcnde yer alan bilgisayar simgesine sa\u011f t\u0131klayarak \u00f6zellikler se\u00e7ene\u011fi se\u00e7iliyor. Ard\u0131ndan \u00e7\u0131kan ekranda ayg\u0131t y\u00f6neticisine t\u0131klan\u0131p \u00e7\u0131kan listede y\u00fcklenmemi\u015f s\u00fcr\u00fcc\u00fcler sar\u0131 \u00fcnlem ile beliriyor ve burada da sa\u011fa t\u0131klayarak girilip s\u00fcr\u00fcc\u00fc yaz\u0131l\u0131m\u0131n\u0131 g\u00fcncelle se\u00e7ene\u011fi i\u015faretleniyor. Sonraki ad\u0131mda kar\u015f\u0131la\u015f\u0131lan iki se\u00e7enekten&nbsp;g\u00fcncel \u2018\u2019S\u00fcr\u00fcc\u00fc Yaz\u0131l\u0131m\u0131n\u0131 Otomatik Olarak Ara\u2019\u2019 t\u0131klanarak devam edilse de internet ba\u011flant\u0131s\u0131n\u0131n olmamas\u0131 durumunda di\u011fer se\u00e7enek se\u00e7ilmeli.&nbsp;\u201cS\u00fcr\u00fcc\u00fc Yaz\u0131l\u0131m\u0131 i\u00e7in Bilgisayar\u0131m\u0131 Tara\u201d se\u00e7ene\u011fi olan ikinci se\u00e7enek t\u0131kland\u0131ktan sonra&nbsp;\u00e7\u0131kan pen\u00e7ede g\u00f6z at\u2019a t\u0131klayarak devam edilip driver g\u00fczergah\u0131 se\u00e7ilerek devam ediliyor. Bu yap\u0131lanlar\u0131n ard\u0131ndan i\u015fletim sistemleri s\u00fcr\u00fcc\u00fcleri tan\u0131m\u0131\u015f olacak.&nbsp;Bunun yan\u0131 s\u0131ra driver CD\u2019leri genellikle sat\u0131n al\u0131nan bilgisayar ile veriliyor ama b\u00f6yle olmamas\u0131 durumunda da internet \u00fczerinden indirme i\u015flemi yap\u0131labilir.<\/p>\n\n\n\n<p><\/p>\n\n\n\n<div class=\"wp-block-columns are-vertically-aligned-center is-layout-flex wp-container-core-columns-is-layout-9d6595d7 wp-block-columns-is-layout-flex\">\n<div class=\"wp-block-column is-vertically-aligned-center is-layout-flow wp-block-column-is-layout-flow\">\n<p><\/p>\n\n\n\n<p><\/p>\n<\/div>\n<\/div>\n\n\n\n<div class=\"wp-block-group\"><div class=\"wp-block-group__inner-container is-layout-flow wp-block-group-is-layout-flow\">\n<div class=\"wp-block-columns are-vertically-aligned-center is-layout-flex wp-container-core-columns-is-layout-9d6595d7 wp-block-columns-is-layout-flex\">\n<div class=\"wp-block-column is-vertically-aligned-center is-layout-flow wp-block-column-is-layout-flow\" style=\"flex-basis:33.33%\">\n<h3 class=\"wp-block-heading\">Markalar\u0131m\u0131z<\/h3>\n<\/div>\n\n\n\n<div class=\"wp-block-column is-vertically-aligned-center is-layout-flow wp-block-column-is-layout-flow\" style=\"flex-basis:66.66%\">\n<figure class=\"wp-block-gallery aligncenter has-nested-images columns-1 wp-block-gallery-1 is-layout-flex wp-block-gallery-is-layout-flex\"><\/figure>\n\n\n\n<p><\/p>\n<\/div>\n<\/div>\n<\/div><\/div>\n<\/div><\/div>\n","protected":false},"excerpt":{"rendered":"<p>G\u00fcvenli Orijinal \u00dccretsiz Teknik Destek S\u00fcr\u00fcc\u00fc Ne \u0130\u015fe Yarar? Bilgisayar sabit disk, ram, anakart, i\u015flemci, ses kart\u0131 bilgisayar\u0131n \u00f6nemli par\u00e7alar\u0131 ki bu par\u00e7alar\u0131n i\u015flevlerini d\u00fczg\u00fcn bir \u015fekilde yapabilmesi i\u00e7in Windows ile bir koordinasyon i\u00e7erisinde \u00e7al\u0131\u015fmas\u0131 gerekiyor. Bunun i\u00e7in de s\u00fcr\u00fcc\u00fcler vas\u0131tas\u0131yla bu ayg\u0131tlar\u0131n Windows i\u015fletim sistemine tan\u0131t\u0131lmas\u0131 gerekli. E\u011fer bu tan\u0131t\u0131m ger\u00e7ekle\u015fmezse bu ayg\u0131tlar kullan\u0131lamaz [&hellip;]<\/p>\n","protected":false},"author":2,"featured_media":0,"parent":0,"menu_order":0,"comment_status":"closed","ping_status":"closed","template":"","meta":{"_uag_custom_page_level_css":"","_joinchat":[],"footnotes":""},"class_list":["post-25407","page","type-page","status-publish","hentry"],"yoast_head":"<!-- This site is optimized with the Yoast SEO plugin v27.3 - https:\/\/yoast.com\/product\/yoast-seo-wordpress\/ -->\n<title>ATOM B\u0130L\u0130\u015e\u0130M | S\u00fcr\u00fcc\u00fcleri Y\u00fckle - S\u00fcr\u00fcc\u00fcleri Y\u00fckle<\/title>\n<meta name=\"robots\" content=\"index, follow, max-snippet:-1, max-image-preview:large, max-video-preview:-1\" \/>\n<link rel=\"canonical\" href=\"https:\/\/driver.atombilisim.com.tr\/\" \/>\n<meta property=\"og:locale\" content=\"tr_TR\" \/>\n<meta property=\"og:type\" content=\"article\" \/>\n<meta property=\"og:title\" content=\"ATOM B\u0130L\u0130\u015e\u0130M | S\u00fcr\u00fcc\u00fcleri Y\u00fckle - S\u00fcr\u00fcc\u00fcleri Y\u00fckle\" \/>\n<meta property=\"og:description\" content=\"G\u00fcvenli Orijinal \u00dccretsiz Teknik Destek S\u00fcr\u00fcc\u00fc Ne \u0130\u015fe Yarar? Bilgisayar sabit disk, ram, anakart, i\u015flemci, ses kart\u0131 bilgisayar\u0131n \u00f6nemli par\u00e7alar\u0131 ki bu par\u00e7alar\u0131n i\u015flevlerini d\u00fczg\u00fcn bir \u015fekilde yapabilmesi i\u00e7in Windows ile bir koordinasyon i\u00e7erisinde \u00e7al\u0131\u015fmas\u0131 gerekiyor. Bunun i\u00e7in de s\u00fcr\u00fcc\u00fcler vas\u0131tas\u0131yla bu ayg\u0131tlar\u0131n Windows i\u015fletim sistemine tan\u0131t\u0131lmas\u0131 gerekli. E\u011fer bu tan\u0131t\u0131m ger\u00e7ekle\u015fmezse bu ayg\u0131tlar kullan\u0131lamaz [&hellip;]\" \/>\n<meta property=\"og:url\" content=\"https:\/\/driver.atombilisim.com.tr\/\" \/>\n<meta property=\"og:site_name\" content=\"S\u00fcr\u00fcc\u00fcleri Y\u00fckle\" \/>\n<meta property=\"article:modified_time\" content=\"2025-05-16T08:16:02+00:00\" \/>\n<meta property=\"og:image\" content=\"https:\/\/driver.atombilisim.com.tr\/wp-content\/uploads\/2025\/05\/drive-site-banner-v1-ham-1024x576.jpg\" \/>\n<meta name=\"twitter:card\" content=\"summary_large_image\" \/>\n<meta name=\"twitter:label1\" content=\"Tahmini okuma s\u00fcresi\" \/>\n\t<meta name=\"twitter:data1\" content=\"3 dakika\" \/>\n<script type=\"application\/ld+json\" class=\"yoast-schema-graph\">{\"@context\":\"https:\\\/\\\/schema.org\",\"@graph\":[{\"@type\":\"WebPage\",\"@id\":\"https:\\\/\\\/driver.atombilisim.com.tr\\\/\",\"url\":\"https:\\\/\\\/driver.atombilisim.com.tr\\\/\",\"name\":\"ATOM B\u0130L\u0130\u015e\u0130M | S\u00fcr\u00fcc\u00fcleri Y\u00fckle - S\u00fcr\u00fcc\u00fcleri Y\u00fckle\",\"isPartOf\":{\"@id\":\"https:\\\/\\\/driver.atombilisim.com.tr\\\/#website\"},\"primaryImageOfPage\":{\"@id\":\"https:\\\/\\\/driver.atombilisim.com.tr\\\/#primaryimage\"},\"image\":{\"@id\":\"https:\\\/\\\/driver.atombilisim.com.tr\\\/#primaryimage\"},\"thumbnailUrl\":\"https:\\\/\\\/driver.atombilisim.com.tr\\\/wp-content\\\/uploads\\\/2025\\\/05\\\/drive-site-banner-v1-ham-1024x576.jpg\",\"datePublished\":\"2020-09-16T05:09:49+00:00\",\"dateModified\":\"2025-05-16T08:16:02+00:00\",\"breadcrumb\":{\"@id\":\"https:\\\/\\\/driver.atombilisim.com.tr\\\/#breadcrumb\"},\"inLanguage\":\"tr\",\"potentialAction\":[{\"@type\":\"ReadAction\",\"target\":[\"https:\\\/\\\/driver.atombilisim.com.tr\\\/\"]}]},{\"@type\":\"ImageObject\",\"inLanguage\":\"tr\",\"@id\":\"https:\\\/\\\/driver.atombilisim.com.tr\\\/#primaryimage\",\"url\":\"https:\\\/\\\/i0.wp.com\\\/driver.atombilisim.com.tr\\\/wp-content\\\/uploads\\\/2025\\\/05\\\/drive-site-banner-v1-ham.jpg?fit=1536%2C864&ssl=1\",\"contentUrl\":\"https:\\\/\\\/i0.wp.com\\\/driver.atombilisim.com.tr\\\/wp-content\\\/uploads\\\/2025\\\/05\\\/drive-site-banner-v1-ham.jpg?fit=1536%2C864&ssl=1\",\"width\":1536,\"height\":864},{\"@type\":\"BreadcrumbList\",\"@id\":\"https:\\\/\\\/driver.atombilisim.com.tr\\\/#breadcrumb\",\"itemListElement\":[{\"@type\":\"ListItem\",\"position\":1,\"name\":\"Anasayfa\",\"item\":\"https:\\\/\\\/driver.atombilisim.com.tr\\\/\"},{\"@type\":\"ListItem\",\"position\":2,\"name\":\"ATOM B\u0130L\u0130\u015e\u0130M | S\u00fcr\u00fcc\u00fcleri Y\u00fckle\"}]},{\"@type\":\"WebSite\",\"@id\":\"https:\\\/\\\/driver.atombilisim.com.tr\\\/#website\",\"url\":\"https:\\\/\\\/driver.atombilisim.com.tr\\\/\",\"name\":\"driver.atombilisim\",\"description\":\"\",\"publisher\":{\"@id\":\"https:\\\/\\\/driver.atombilisim.com.tr\\\/#organization\"},\"potentialAction\":[{\"@type\":\"SearchAction\",\"target\":{\"@type\":\"EntryPoint\",\"urlTemplate\":\"https:\\\/\\\/driver.atombilisim.com.tr\\\/?s={search_term_string}\"},\"query-input\":{\"@type\":\"PropertyValueSpecification\",\"valueRequired\":true,\"valueName\":\"search_term_string\"}}],\"inLanguage\":\"tr\"},{\"@type\":\"Organization\",\"@id\":\"https:\\\/\\\/driver.atombilisim.com.tr\\\/#organization\",\"name\":\"Atombili\u015fim\",\"url\":\"https:\\\/\\\/driver.atombilisim.com.tr\\\/\",\"logo\":{\"@type\":\"ImageObject\",\"inLanguage\":\"tr\",\"@id\":\"https:\\\/\\\/driver.atombilisim.com.tr\\\/#\\\/schema\\\/logo\\\/image\\\/\",\"url\":\"https:\\\/\\\/i0.wp.com\\\/driver.atombilisim.com.tr\\\/wp-content\\\/uploads\\\/2021\\\/08\\\/cropped-logo-beyaz-6.png?fit=1000%2C1000&ssl=1\",\"contentUrl\":\"https:\\\/\\\/i0.wp.com\\\/driver.atombilisim.com.tr\\\/wp-content\\\/uploads\\\/2021\\\/08\\\/cropped-logo-beyaz-6.png?fit=1000%2C1000&ssl=1\",\"width\":1000,\"height\":1000,\"caption\":\"Atombili\u015fim\"},\"image\":{\"@id\":\"https:\\\/\\\/driver.atombilisim.com.tr\\\/#\\\/schema\\\/logo\\\/image\\\/\"},\"sameAs\":[\"https:\\\/\\\/www.instagram.com\\\/atombilisim\\\/\",\"https:\\\/\\\/www.youtube.com\\\/c\\\/AtombilisimTrTCARET\"]}]}<\/script>\n<!-- \/ Yoast SEO plugin. -->","yoast_head_json":{"title":"ATOM B\u0130L\u0130\u015e\u0130M | S\u00fcr\u00fcc\u00fcleri Y\u00fckle - S\u00fcr\u00fcc\u00fcleri Y\u00fckle","robots":{"index":"index","follow":"follow","max-snippet":"max-snippet:-1","max-image-preview":"max-image-preview:large","max-video-preview":"max-video-preview:-1"},"canonical":"https:\/\/driver.atombilisim.com.tr\/","og_locale":"tr_TR","og_type":"article","og_title":"ATOM B\u0130L\u0130\u015e\u0130M | S\u00fcr\u00fcc\u00fcleri Y\u00fckle - S\u00fcr\u00fcc\u00fcleri Y\u00fckle","og_description":"G\u00fcvenli Orijinal \u00dccretsiz Teknik Destek S\u00fcr\u00fcc\u00fc Ne \u0130\u015fe Yarar? Bilgisayar sabit disk, ram, anakart, i\u015flemci, ses kart\u0131 bilgisayar\u0131n \u00f6nemli par\u00e7alar\u0131 ki bu par\u00e7alar\u0131n i\u015flevlerini d\u00fczg\u00fcn bir \u015fekilde yapabilmesi i\u00e7in Windows ile bir koordinasyon i\u00e7erisinde \u00e7al\u0131\u015fmas\u0131 gerekiyor. Bunun i\u00e7in de s\u00fcr\u00fcc\u00fcler vas\u0131tas\u0131yla bu ayg\u0131tlar\u0131n Windows i\u015fletim sistemine tan\u0131t\u0131lmas\u0131 gerekli. E\u011fer bu tan\u0131t\u0131m ger\u00e7ekle\u015fmezse bu ayg\u0131tlar kullan\u0131lamaz [&hellip;]","og_url":"https:\/\/driver.atombilisim.com.tr\/","og_site_name":"S\u00fcr\u00fcc\u00fcleri Y\u00fckle","article_modified_time":"2025-05-16T08:16:02+00:00","og_image":[{"url":"https:\/\/driver.atombilisim.com.tr\/wp-content\/uploads\/2025\/05\/drive-site-banner-v1-ham-1024x576.jpg","type":"","width":"","height":""}],"twitter_card":"summary_large_image","twitter_misc":{"Tahmini okuma s\u00fcresi":"3 dakika"},"schema":{"@context":"https:\/\/schema.org","@graph":[{"@type":"WebPage","@id":"https:\/\/driver.atombilisim.com.tr\/","url":"https:\/\/driver.atombilisim.com.tr\/","name":"ATOM B\u0130L\u0130\u015e\u0130M | S\u00fcr\u00fcc\u00fcleri Y\u00fckle - S\u00fcr\u00fcc\u00fcleri Y\u00fckle","isPartOf":{"@id":"https:\/\/driver.atombilisim.com.tr\/#website"},"primaryImageOfPage":{"@id":"https:\/\/driver.atombilisim.com.tr\/#primaryimage"},"image":{"@id":"https:\/\/driver.atombilisim.com.tr\/#primaryimage"},"thumbnailUrl":"https:\/\/driver.atombilisim.com.tr\/wp-content\/uploads\/2025\/05\/drive-site-banner-v1-ham-1024x576.jpg","datePublished":"2020-09-16T05:09:49+00:00","dateModified":"2025-05-16T08:16:02+00:00","breadcrumb":{"@id":"https:\/\/driver.atombilisim.com.tr\/#breadcrumb"},"inLanguage":"tr","potentialAction":[{"@type":"ReadAction","target":["https:\/\/driver.atombilisim.com.tr\/"]}]},{"@type":"ImageObject","inLanguage":"tr","@id":"https:\/\/driver.atombilisim.com.tr\/#primaryimage","url":"https:\/\/i0.wp.com\/driver.atombilisim.com.tr\/wp-content\/uploads\/2025\/05\/drive-site-banner-v1-ham.jpg?fit=1536%2C864&ssl=1","contentUrl":"https:\/\/i0.wp.com\/driver.atombilisim.com.tr\/wp-content\/uploads\/2025\/05\/drive-site-banner-v1-ham.jpg?fit=1536%2C864&ssl=1","width":1536,"height":864},{"@type":"BreadcrumbList","@id":"https:\/\/driver.atombilisim.com.tr\/#breadcrumb","itemListElement":[{"@type":"ListItem","position":1,"name":"Anasayfa","item":"https:\/\/driver.atombilisim.com.tr\/"},{"@type":"ListItem","position":2,"name":"ATOM B\u0130L\u0130\u015e\u0130M | S\u00fcr\u00fcc\u00fcleri Y\u00fckle"}]},{"@type":"WebSite","@id":"https:\/\/driver.atombilisim.com.tr\/#website","url":"https:\/\/driver.atombilisim.com.tr\/","name":"driver.atombilisim","description":"","publisher":{"@id":"https:\/\/driver.atombilisim.com.tr\/#organization"},"potentialAction":[{"@type":"SearchAction","target":{"@type":"EntryPoint","urlTemplate":"https:\/\/driver.atombilisim.com.tr\/?s={search_term_string}"},"query-input":{"@type":"PropertyValueSpecification","valueRequired":true,"valueName":"search_term_string"}}],"inLanguage":"tr"},{"@type":"Organization","@id":"https:\/\/driver.atombilisim.com.tr\/#organization","name":"Atombili\u015fim","url":"https:\/\/driver.atombilisim.com.tr\/","logo":{"@type":"ImageObject","inLanguage":"tr","@id":"https:\/\/driver.atombilisim.com.tr\/#\/schema\/logo\/image\/","url":"https:\/\/i0.wp.com\/driver.atombilisim.com.tr\/wp-content\/uploads\/2021\/08\/cropped-logo-beyaz-6.png?fit=1000%2C1000&ssl=1","contentUrl":"https:\/\/i0.wp.com\/driver.atombilisim.com.tr\/wp-content\/uploads\/2021\/08\/cropped-logo-beyaz-6.png?fit=1000%2C1000&ssl=1","width":1000,"height":1000,"caption":"Atombili\u015fim"},"image":{"@id":"https:\/\/driver.atombilisim.com.tr\/#\/schema\/logo\/image\/"},"sameAs":["https:\/\/www.instagram.com\/atombilisim\/","https:\/\/www.youtube.com\/c\/AtombilisimTrTCARET"]}]}},"uagb_featured_image_src":{"full":false,"thumbnail":false,"medium":false,"medium_large":false,"large":false,"1536x1536":false,"2048x2048":false},"uagb_author_info":{"display_name":"Muhammed Akbaba","author_link":"https:\/\/driver.atombilisim.com.tr\/index.php\/author\/makbaba\/"},"uagb_comment_info":0,"uagb_excerpt":"G\u00fcvenli Orijinal \u00dccretsiz Teknik Destek S\u00fcr\u00fcc\u00fc Ne \u0130\u015fe Yarar? Bilgisayar sabit disk, ram, anakart, i\u015flemci, ses kart\u0131 bilgisayar\u0131n \u00f6nemli par\u00e7alar\u0131 ki bu par\u00e7alar\u0131n i\u015flevlerini d\u00fczg\u00fcn bir \u015fekilde yapabilmesi i\u00e7in Windows ile bir koordinasyon i\u00e7erisinde \u00e7al\u0131\u015fmas\u0131 gerekiyor. Bunun i\u00e7in de s\u00fcr\u00fcc\u00fcler vas\u0131tas\u0131yla bu ayg\u0131tlar\u0131n Windows i\u015fletim sistemine tan\u0131t\u0131lmas\u0131 gerekli. E\u011fer bu tan\u0131t\u0131m ger\u00e7ekle\u015fmezse bu ayg\u0131tlar kullan\u0131lamaz&hellip;","jetpack_sharing_enabled":true,"_links":{"self":[{"href":"https:\/\/driver.atombilisim.com.tr\/index.php\/wp-json\/wp\/v2\/pages\/25407","targetHints":{"allow":["GET"]}}],"collection":[{"href":"https:\/\/driver.atombilisim.com.tr\/index.php\/wp-json\/wp\/v2\/pages"}],"about":[{"href":"https:\/\/driver.atombilisim.com.tr\/index.php\/wp-json\/wp\/v2\/types\/page"}],"author":[{"embeddable":true,"href":"https:\/\/driver.atombilisim.com.tr\/index.php\/wp-json\/wp\/v2\/users\/2"}],"replies":[{"embeddable":true,"href":"https:\/\/driver.atombilisim.com.tr\/index.php\/wp-json\/wp\/v2\/comments?post=25407"}],"version-history":[{"count":23,"href":"https:\/\/driver.atombilisim.com.tr\/index.php\/wp-json\/wp\/v2\/pages\/25407\/revisions"}],"predecessor-version":[{"id":26483,"href":"https:\/\/driver.atombilisim.com.tr\/index.php\/wp-json\/wp\/v2\/pages\/25407\/revisions\/26483"}],"wp:attachment":[{"href":"https:\/\/driver.atombilisim.com.tr\/index.php\/wp-json\/wp\/v2\/media?parent=25407"}],"curies":[{"name":"wp","href":"https:\/\/api.w.org\/{rel}","templated":true}]}}